1)/16926).
2, 3, 31, 157
Suppose -4*y + 3*r = -41, -31 = -4*y + 2*r + 7. Suppose -2*n - 3*t + 249 = 0, y*n - 12*n - 3*t = -495. What are the prime factors of n?
3, 41
Suppose 0 = -2*s + y + 30794 + 16171, -2*s + 46930 = 6*y. List the prime factors of s.
2, 5, 587
Suppose 5*k + 20 = 0, -2*r + 0*k + 19820 = 4*k. What are the prime factors of r?
2, 3, 19, 29
List the prime factors of 218*(-28)/12*3*(-1)/2.
7, 109
Suppose 41*q - 26976 = 9*q. Suppose 706 = 3*i + x - 1823, -i + q = -2*x. What are the prime factors of i?
3, 281
List the prime factors of (267/9)/(17 - 45897/2700).
2, 3, 5, 89
Suppose -2*f + 4*h = -29082, -29*f + 37*f = -2*h + 116274. List the prime factors of f.
3, 5, 17, 19
Let b be (24/(-18))/(4/(-15)). Suppose b*p + m - 5465 = 0, -263 - 839 = -p - 2*m. What are the prime factors of p?
2, 3, 7, 13
Let j = -69 + 71. Suppose -j*a - a + 2*v + 192 = 0, 0 = -2*v. List the prime factors of a.
2
Suppose 4*a = 5*t - a - 75, t = -4*a - 10. Let x be (224/t)/(-2)*(-60)/(-8). Let p = 204 + x. What are the prime factors of p?
2, 3, 5
What are the prime factors of ((-11959)/4 + 3/(-4))*-2?
5981
Suppose -3*i - o + 2863 = 0, -3*i + 4*o = -2070 - 803. Suppose -3*k - 367 = -2*a, 5*k - i = -8*a + 3*a. Let d = -99 + a. List the prime factors of d.
89
Let c(s) = 7986*s**2 - 109*s + 111. List the prime factors of c(1).
2, 1997
Suppose -4*o - 321 = -1313. Suppose -b + 36 = 5*k, -19 = -3*k - 2*b + 4. Suppose k*w - o = 5*w. List the prime factors of w.
2, 31
Let p(f) = 6*f**2 - 3*f - 26. Let h(t) = 7*t**2 - 3*t - 27. Let c(i) = -5*h(i) + 6*p(i). Let x be c(9). Let z = x + 46. What are the prime factors of z?
79
Let t be ((-51)/34)/((-1)/2). Let j(x) = -2*x**3 - 4*x**2 + 4*x - 10. Let q be j(t). What are the prime factors of q/(-1) + 7 + -6?
89
List the prime factors of 125534/10 + 832/520.
3, 5, 31
List the prime factors of (-48)/(-624) - 51596/(-13).
3, 7
Let w(v) = -v - 8 + 11 - 4. Let z be w(-6). Suppose -z*q = -3*u - 353, -3 = 3*u - 0*u. What are the prime factors of q?
2, 5, 7
Let a = -117 - -124. List the prime factors of (-2)/a - 13140/(-28).
7, 67
Let j(h) = 21*h**2 + 83*h - 123. List the prime factors of j(-7).
5, 13
Let a(z) = -22 + 46 - 33 - 7*z. What are the prime factors of a(-14)?
89
Suppose -5*j - 95963 = -4*o, -523*o + 524*o = -5*j + 23947. List the prime factors of o.
2, 3, 7, 571
Suppose -5*y + r + 981 = 0, 0 = 2*y + 3*r - 0*r - 406. Let k be (-3)/(-1) - (-3 - -2)*y. Let i = k - 119. List the prime factors of i.
3
Suppose 4*j = -p - 114 - 149, -5*p - 1243 = 2*j. Let t = p - -871. List the prime factors of t.
2, 3, 13
Suppose 5*w + 14 = 3*y, 3*y + 4*w - 4 = -w. Suppose 5*m + 15 = 0, 35*m = -3*z + 33*m + 33. Suppose y*o - 89 = z. What are the prime factors of o?
2, 17
Suppose 0 - 12 = 2*f. Let j be (f/8)/((-6)/432). Suppose -4*y + 268 = 4*g, 2*g + 5*y = 197 - j. List the prime factors of g.
2
Let s = -371 - -383. What are the prime factors of (-21)/28 - (-105)/s?
2
Let c = -231 - -62. Let s = -77 - c. Suppose -k + 19 = -s. List the prime factors of k.
3, 37
Let v be (-4)/3 - ((-33)/(-9) + -6) - -33. Suppose -5*h + 69 = -1. Suppose -h*i = -13*i - v. List the prime factors of i.
2, 17
Let y(d) = -d**2 - 4*d + 9. Let u be (-501)/15 - (1 - 7/5). Let n be ((-55)/u)/((-2)/6). List the prime factors of y(n).
2
Suppose -5*n = -4*c + 1118 - 24395, -4*c - 9306 = -2*n. List the prime factors of n.
4657
Let l(j) = -322*j - 43. Let f be l(-4). Let p = f + -762. What are the prime factors of p?
3, 7, 23
Suppose -4*q + 3*u = -9, 4*q = u + 12 + 7. Suppose -3*i - 1068 = -q*i. What are the prime factors of i?
2, 89
Let w = 10891 - 10885. Let o(b) = b**2 - 7*b + 5. Let d be o(5). List the prime factors of (1 + 765/w)*(-3 - d).
257
Let d(n) = 4*n**3 - 9*n**2 - 192*n + 3. List the prime factors of d(17).
2, 5, 7, 197
Suppose 0 = -5*b + 6*b + 4, -5*b = s + 13. Suppose -29*f + 8558 = -s*f. What are the prime factors of f?
389
Suppose 13095*z = 13080*z + 36330. List the prime factors of z.
2, 7, 173
Let j be 505*(24/(-20))/3. Suppose 2*w + k + 125 = w, -4*w - 514 = -3*k. Let c = w - j. What are the prime factors of c?
3, 5
Let o(d) = 9*d**3 - 26*d**2 - 6*d - 33. Let k(h) = h**3 + h. Let n(w) = -5*k(w) + o(w). List the prime factors of n(9).
2, 3, 113
Suppose 2*r - 5*p = 1421, -688 = -0*r - r - 2*p. Let d = r + -111. List the prime factors of d.
587
Suppose 26*f - 48157 = -10223. List the prime factors of f.
1459
What are the prime factors of 2/(-8) + 8461/4 + 14?
2129
Suppose j + 3*k - 12 = -0*j, -j + 4*k = 9. Suppose -h - x - 8 = -74, j*x + 192 = 3*h. Suppose -2*d = h - 273. What are the prime factors of d?
2, 13
Let r(n) = -24838*n**3 + 4*n**2 - 12*n - 14. What are the prime factors of r(-1)?
2, 3, 5, 23
Let x(z) = 5*z**2 + 5*z + 2. Let q(k) = k**2 + 2*k - 41. Let a be q(-7). Let o be x(a). Suppose -14*v + 4016 = o. What are the prime factors of v?
2, 3, 23
What are the prime factors of (-4 + 2 + 4)/(6/10992)?
2, 229
Let m(z) = -4*z**3 + 532 - 311*z + 311*z + 430 + 2*z**3. What are the prime factors of m(0)?
2, 13, 37
List the prime factors of 4884/(-88)*(-1 - 63).
2, 3, 37
Let d(r) = -217*r + 621. List the prime factors of d(-16).
4093
Let x(k) = -15*k + 490. What are the prime factors of x(31)?
5
Let n(k) = -k - 1. Let l(m) = -4*m - 28. Let c(j) = -l(j) + 5*n(j). Let a = -1384 + 1377. List the prime factors of c(a).
2, 3, 5
Let z = 456 + -669. Let l = 98 - z. What are the prime factors of l?
311
Suppose 422*c - 6367795 = 187*c. List the prime factors of c.
7, 79
Let t(z) = 54*z**2 + 17*z - 5. Let i be t(3). Suppose 13*d - i = 9*d. What are the prime factors of d?
7, 19
Suppose 3*h + v - 201972 = -62235, 5*h - 7*v - 232817 = 0. List the prime factors of h.
2, 41, 71
Let z be (-2 - (-40)/14)*(6 - 13). Let s be -2 + (-3)/(z/196). Let a = 153 - s. List the prime factors of a.
3, 19
Let c be (-776)/(-5)*(-8 - -3). Let u = -65 - c. Suppose 5*j = 104 + u. List the prime factors of j.
163
Let v(u) = 2*u**2 - 33*u + 29. Let p be v(16). Suppose -16*h = -p*h - 444. List the prime factors of h.
2, 37
Suppose 4*f + 0 = 12. Suppose o - 17 = -f*p, -p - 1 = 3. Suppose i + 2*v - o = -3*v, -3*i + 87 = -5*v. List the prime factors of i.
29
Let s be -39 + 38 + -3 + (-4)/(-1). Let w(t) = t + 20 - 2*t**3 - t**2 - 2*t + t**3. What are the prime factors of w(s)?
2, 5
Let u = 43349 - 29388. What are the prime factors of u?
23, 607
Let x be (162/30)/((-2)/3*(-60)/(-200)). Suppose 3*r + 12 = r - a, 0 = -a. Let k = r - x. What are the prime factors of k?
3, 7
Let b(w) = 17*w**2 + 227*w + 40. List the prime factors of b(26).
2, 23, 379
Let n = 47490 - 22113. What are the prime factors of n?
3, 11, 769
Suppose 5*z = y + 222, 0 = 5*z - 9*y + 4*y - 210. What are the prime factors of 4/24*-2 - (-32190)/z?
5, 11, 13
Suppose 270 = 26*v - 510. List the prime factors of 539 - (v/5 - 0).
13, 41
Suppose -5*m + 3*g + 1590 = 0, 187 = 2*m - 4*g - 449. Suppose 2*h - m = 5*x - 7*x, 3*x = 5*h - 803. What are the prime factors of h?
2, 5
Let p = -3326 + 14127. List the prime factors of p.
7, 1543
Suppose 170621 = -49*s + 219235 + 391063. List the prime factors of s.
3, 997
Suppose -4*o - 9*o + 4264 = 0. Suppose 3*b = -p + 1692, 2*b - 2*p = o + 800. What are the prime factors of b?
2, 3, 47
Let f = -2333 - -2329. Let c(w) = w**3 - 6*w**2 + w + 4. Let l be c(3). List the prime factors of (-1568)/l + 5 - f/(-10).
83
Let p = -9 - -20. Suppose -p*a - 11655 = -20*a. Suppose 24*s - a = 19*s. What are the prime factors of s?
7, 37
What are the prime factors of ((-42)/(-49) - 3746/(-7))*5/4?
2, 5, 67
Let n be 48/9*((-42)/8)/(-7). Suppose -2*b - 580 = -4*w, -2*w - n*b + 443 - 173 = 0. List the prime factors of w.
11, 13
Suppose 4*d + 3*d - 21 = 0. Suppose 0 = -2*t + t - d*c + 4, 0 = 3*t + 3*c. What are the prime factors of (361/(-38))/(t/24 + 0)?
2, 3, 19
Suppose -46*c + 8*c = 3*c - 837056. What are the prime factors of c?
2, 11, 29
Let o be (-120)/90 + (-45206)/(-6). Suppose 7*g = -2*g + o. What are the prime factors of g?
3, 31
Let f = 173 - -188. Let v = -70 + f. List the prime factors of v.
3, 97
Suppose 132 = 10*t - 88. Suppose 27 = -t*q + 25*q. Suppose 0 = q*d - 482 - 121. List the prime factors of d.
67
Let r(i) = -60*i - 363. Let y be r(-9). Suppose 0 = -3*a - 373 + 67. Let s = y + a. What are the prime